?
False
Is 1423451377 a composite number?
False
Is 215637001 composite?
True
Is 3825761215 a composite number?
True
Is 29041978337 prime?
False
Is 64574603 a prime number?
False
Is 1458222649 composite?
True
Is 1320455215 a prime number?
False
Is 627736703 prime?
False
Is 85155158549 composite?
False
Is 35082379567 a composite number?
True
Is 10057394099 composite?
False
Is 2177111645 a prime number?
False
Is 72966597455 a composite number?
True
Is 49079637683 a composite number?
False
Is 59676325381 prime?
False
Is 2341619633 a prime number?
True
Is 343402937 composite?
True
Is 1363751871 composite?
True
Is 47095529227 a composite number?
True
Is 2588435849 prime?
True
Is 137673990293 composite?
True
Is 1636690333 a composite number?
False
Is 2225320919 composite?
True
Is 13975952033 composite?
True
Is 25064886937 prime?
False
Is 4817436395 prime?
False
Is 6095253061 composite?
False
Is 18130670531 a prime number?
True
Is 62438970163 prime?
True
Is 36837923 composite?
False
Is 4715836759 a prime number?
True
Is 8927520263 a composite number?
True
Is 139609000759 a prime number?
True
Is 111161947709 prime?
False
Is 72744491 prime?
True
Is 4361354741 composite?
True
Is 141908141 composite?
False
Is 37320418829 a prime number?
True
Is 8128661839 prime?
True
Is 761569631 a prime number?
False
Is 53140104929 prime?
False
Is 72851458807 a composite number?
False
Is 105395131841 prime?
False
Is 1813198873 a prime number?
True
Is 10830364507 a composite number?
True
Is 56535264703 composite?
True
Is 844848413 a composite number?
False
Is 37681647127 a prime number?
True
Is 1494236945 composite?
True
Is 836225671 composite?
True
Is 70172522033 a prime number?
False
Is 380132923 composite?
False
Is 958586581 a composite number?
False
Is 268598239049 a prime number?
False
Is 3366124939 prime?
True
Is 1735270327 composite?
True
Is 3700690067 a composite number?
True
Is 84973403573 composite?
False
Is 14605399 prime?
True
Is 640065203 a composite number?
True
Is 11397116443 composite?
True
Is 47223389 a prime number?
True
Is 70875977 a prime number?
False
Is 179837291 a prime number?
True
Is 677539337 composite?
True
Is 7035234929 a composite number?
False
Is 170847499 a prime number?
False
Is 100535540957 composite?
False
Is 1954682693 composite?
True
Is 17905476079 composite?
False
Is 4797881809 a composite number?
True
Is 46495473767 prime?
False
Is 594997991 composite?
True
Is 3348956866 a composite number?
True
Is 408834134647 composite?
False
Is 529051687 composite?
False
Is 6981131067 a composite number?
True
Is 19073453453 composite?
False
Is 1835054747 a prime number?
False
Is 17765058247 prime?
True
Is 1142393333 a composite number?
True
Is 925014539 composite?
False
Is 4932943 prime?
False
Is 31313461694 a composite number?
True
Is 8296336411 a prime number?
False
Is 6123384349 a composite number?
False
Is 55383505 a prime number?
False
Is 399833 composite?
True
Is 1846547477 composite?
True
Is 289616729 composite?
True
Is 1162820107 composite?
True
Is 157185324787 a prime number?
True
Is 7017552989 a composite number?
True
Is 894497621 a prime number?
True
Is 14027291755 prime?
False
Is 876082249 a composite number?
True
Is 22657194723 composite?
True
Is 249076147 a composite number?
True
Is 513888367 a prime number?
False
Is 362992543 prime?
False
Is 112383735157 a composite number?
False
Is 25437769331 a prime number?
False
Is 2552799367 a prime number?
True
Is 2698207189 a prime number?
False
Is 716642947 composite?
True
Is 663026731 prime?
True
Is 881301677 composite?
True
Is 5104588751 composite?
True
Is 23700500051 a prime number?
True
Is 1072123991 composite?
False
Is 5897757389 composite?
True
Is 43012430819 a prime number?
True
Is 1629699517 composite?
False
Is 8194826839 a prime number?
True
Is 6792331711 composite?
True
Is 2714361473 prime?
False
Is 88191893 a composite number?
False
Is 11056258987 prime?
True
Is 685919287 a prime number?
False
Is 5289274118 a prime number?
False
Is 12248346597 prime?
False
Is 70823963215 a composite number?
True
Is 2709226769 composite?
True
Is 39694133173 prime?
False
Is 73032437 a prime number?
True
Is 32052354787 a composite number?
True
Is 146663389 a composite number?
False
Is 13397355431 composite?
False
Is 3577005347 composite?
True
Is 685199269 composite?
True
Is 23336777447 prime?
True
Is 1355554927 a prime number?
True
Is 111919940219 a composite number?
False
Is 827107859 a prime number?
False
Is 204614848133 prime?
True
Is 467767621 a composite number?
False
Is 301631651 prime?
True
Is 485726689 prime?
False
Is 457357909 prime?
True
Is 102574741 a prime number?
False
Is 19996985623 composite?
True
Is 1054613611 a prime number?
True
Is 438091567 prime?
True
Is 4322328457 a composite number?
True
Is 4436147101 a composite number?
False
Is 441606323 a prime number?
True
Is 10253283107 prime?
True
Is 6305608513 a composite number?
False
Is 57118694443 prime?
False
Is 2083067837 a composite number?
True
Is 822225457 a composite number?
False
Is 126345347 prime?
True
Is 59535477803 a composite number?
False
Is 10124314349 a prime number?
False
Is 54296144863 composite?
True
Is 502916462 a composite number?
True
Is 266815260505 prime?
False
Is 1135964483 prime?
True
Is 42486202951 composite?
False
Is 5725970189 a prime number?
True
Is 5820686467 a prime number?
True
Is 999000131 a prime number?
True
Is 266531927 prime?
False
Is 45032277071 prime?
True
Is 921701707 a composite number?
False
Is 13873651321 prime?
True
Is 545453647 prime?
True
Is 169020165707 prime?
True
Is 2679912953 a composite number?
False
Is 25771227215 prime?
False
Is 11575315471 prime?
False
Is 6189593723 composite?
False
Is 106594039 a prime number?
False
Is 4097824571 a prime number?
True
Is 3555843163 prime?
True
Is 35704946 prime?
False
Is 1070679803 a prime number?
True
Is 86850677 a prime number?
True
Is 46773376693 a prime number?
False
Is 2611791191 composite?
False
Is 72494766655 prime?
False
Is 2973251093 prime?
False
Is 20289871673 a composite number?
True
Is 62557499621 composite?
True
Is 2714210861 prime?
True
Is 33790586581 prime?
False
Is 10718973961 prime?
False
Is 4634955727 composite?
True
Is 12344630603 a composite number?
False
Is 891686539 a composite number?
False
Is 707269793 prime?
True
Is 91986311 composite?
False
Is 22151644013 a prime number?
True
Is 1171618913 prime?
True
Is 4376701885 a prime number?
False
Is 408876119 composite?
True
Is 2554072069 a prime number?
False
Is 4854915059 prime?
False
Is 26704608067 composite?
False
Is 2379903103 prime?
False
Is 1846338149 prime?
True
Is 62613874721 a composite number?
True
Is 2040658471 composite?
True
Is 11721733 composite?
False
Is 225822371 a composite number?
True
Is 14479655471 prime?
True
Is 8728121651 a prime number?
True
Is 2721428573 a prime number?
False
Is 1520630429 a composite number?
True
Is 2124671281 composite?
False
Is 4576644574 prime?
False
Is 12013867 a composite number?
False
Is 1003407211 prime?
False
Is 23318309321 composite?
False
Is 2386897741 composite?
False
Is 267821821171 composite?
True
Is 6474000031 a prime number?
False
Is 154308053 a prime number?
False
Is 13740730917 a prime number?
False
Is 1689269581 a prime number?
True
Is 29679074299 composite?
True
Is 7218962677 composite?
False
Is 22427839057 a composite number?
True
Is 1360148119 composite?
True
Is 82836293 composite?
True
Is 1838216249 prime?
True
Is 631092703 a composite number?
False
Is 1020513007 a prime number?
True
Is 2795189 composite?
False
Is 8695671443 prime?
False
Is 225442517 composite?
True
Is 9535006861 prime?
False
Is 252300161 a prime number?
True
Is 30374142541 a prime number?
True
Is 4075605439 prime?
True
Is 645800117 a composite number?
False
Is 610867757 a composite number?
False
Is 1627247933 a prime number?
False
Is 13186752673 a composite number?
False
Is 916603039 a prime number?
False
Is 7924786143 composite?
True
Is 4074028417 a composite number?
True
Is 579101651 composite?
True
Is 3347129447 a composite number?
False
Is 135009767 prime?
False
Is 480865961 composite?
True
Is 126532293551 composite?
False
Is 35951162353 a prime number?
True
Is 25109713 prime?
True
Is 10086020047 a composite number?
True
Is 239380151 a prime nu